+ -5 - -7 - 10)
16
What is the value of -1 + -6 + (-1 - -3) + -10 + 1?
-14
-9 - (71 + -68 + (-16 - -1))
3
What is the value of -3 + 0 + -78 + 57 + (34 - -1)?
11
What is the value of 26 + 13 + -4 + -23 + -14?
-2
What is the value of 3 + (3 - -7) + -4?
9
Evaluate -21 - 2 - (-79 + 72 + 11 + -1).
-26
23 + -17 - ((0 - 0 - 0) + 1)
5
What is 8 - (-6 - (2 + -5 - (12 + -12)))?
11
What is the value of -9 - 1 - (-372 + 365)?
-3
Calculate 7 + (-18 - -1) + (-5 - -13).
-2
What is 149 + -162 - (-8 - 1 - -4)?
-8
Calculate -7 - (-21 - -22 - 32).
24
8 + 28 + (5 - (38 + -16))
19
What is the value of -1 + -32 - (2 + -2 + -1 - 8)?
-24
Calculate -1 + -1 + 0 + 2 - (-8082 - -8067).
15
-2 - -1 - (11 + (-6 - -4) + -2)
-8
Evaluate 1 - -27 - (19 + -2 + (-151 - -130)).
32
Evaluate (-16 - -2) + 34 + (-12 - -28).
36
Evaluate (2 - (0 + -5 + 18)) + 5.
-6
Evaluate (-4 + 11 - (3 + -3)) + -6.
1
11 + (-26 - (3 + 0) - -8)
-10
What is the value of 13 + 4 - (-4 - (0 - (7 + -4)))?
18
Evaluate 1 + (13 - -13) + -6 + 4.
25
What is the value of 1 + -8 + (-4 - -2) + 3?
-6
What is the value of 7 - (5 + 17 + 2 + -12 + -5)?
0
What is 3 - (64 + -73 + 2 + 4)?
6
-143 + 123 + (2 - 21)
-39
1 - -17 - (-100 - -37 - -59)
22
Evaluate 7 + (-11 - -1 - -1 - (309 + -312)).
1
Evaluate -9 + (-2 - (-7 + -14)) + -1.
9
Calculate 6 - ((-3 + -5 + 7 - 3) + 5).
5
1 + 4 - (8 + (13 - (17 + -2)))
-1
Calculate 19 + (4 - (13 - -10)) - (21 + -1).
-20
Evaluate (4 - 0) + 8 - (109 - 115).
18
Evaluate (-13 - -6) + 13 - (-1 - -1).
6
-682 + 705 + -1 + -36
-14
What is 18 + -16 + -8 + (0 + 3 - -10)?
7
(-7 - -3) + -1 + 2 - 14
-17
What is the value of (121 - 124) + -13 + (2 - -2)?
-12
Calculate (205 - 205) + (1 - 0 - 0 - -6).
7
Calculate 3 + (-2 - 0) + (-1 + -2 - -5).
3
What is the value of 4 - 6 - (-13 - -11) - 24 - 0?
-24
Calculate -13 + 1 + (67 - 54) + (-1 - 15).
-15
What is the value of -8 - (-11 + 7 - 7 - 5)?
8
Evaluate (39 - (-25 + 71)) + (1 - -1) + 12.
7
15 + (-2 - -2 - (69 - 62)) - -4
12
-23 + 1 - (3 - 24 - -8)
-9
-68 + 40 + 4 + 3 - (-1 - 7)
-13
Calculate -9 - -1 - (45 - 28) - (32 - 40).
-17
What is the value of (0 - (-1 - -4)) + 7 + 7?
11
-5 + 1 + (-1 + -2 - -8) + 4
5
Calculate (-19 + -12 - 9) + 24.
-16
Evaluate 6 + -1 + 3 - (-56 + 61).
3
-12 + 8 + 12 + -7
1
-3 + -3 - (10 - 10) - (6 + 0)
-12
Calculate -10 - (-34 - -26 - 13).
11
Calculate (2 - 22) + -30 + 33.
-17
Evaluate -48 + 19 + -12 + 17 + -5.
-29
Evaluate 1 - (1 - 0) - (-7 + 12) - -2.
-3
-9 - 2 - (-21 - (42 - 25))
27
What is 15 + (5 - -2) + (-2 - 7 - -2)?
15
What is the value of 4 + 3 + -5 - 7 - -2?
-3
What is 0 - 0 - (33 - 46) - (-1 - 1)?
15
Evaluate -4 + -17 + 4 - -8.
-9
15 - (53 - (5 - -23))
-10
Calculate -3 - (-4 + 3) - (0 - 2) - 9.
-9
(-8 - (-2 - -9)) + (-2 - -1)
-16
-47 + (34 - 22) - -14
-21
-1 + 34 - (291 + -277)
19
11 - ((23 - 16) + (4 - (6 - 5)))
1
Calculate -185 + 174 - (-1 + 0).
-10
Evaluate -30 - (-18 + -10 - 25).
23
Evaluate -4 - 3 - ((7 - 5) + (18 - 6)).
-21
What is the value of (4 - (-12 + -5 - 1)) + 1 + -7?
16
Calculate -23 - (9 + -5 + -1).
-26
Evaluate -48 + (-6 - -73) - (0 - 1 - -4).
16
What is the value of (14 - 7 - 25) + (-15 - 0)?
-33
What is -3 - (4 - 0 - 18) - 6?
5
Evaluate -3 - (-17 - -51 - 25).
-12
What is the value of -36 + 11 + 40 - (4 + -1)?
12
Evaluate -2 - (3 + -4) - ((0 - 12) + 5).
6
What is 132 - 120 - (28 - 0) - 5?
-21
What is (-19 - (1 + 2)) + (-7 - (-11 - -7))?
-25
Calculate (4 + 3 + -13 - -13) + -20.
-13
5 - (-2 - (1 - -3))
11
What is -7 + 6 + -4 + 14 - 6?
3
Calculate 11 + (9 - 9 - -11 - 11).
11
Calculate -24 - (15 - 33) - (-1 + (-10 - 3)).
8
Calculate 12 + -22 - (-64 - -27).
27
Evaluate 6 - ((-3 + 6 - 12) + (-4 - 1)).
20
(3 + -29 - -11 - -5) + 27
17
Calculate 3 - -25 - 1 - 51.
-24
What is the value of (-1 - -4 - -7 - 4) + -10 + 16?
12
Evaluate -1 - (11 + -7 + 3 + 3 + -5).
-6
Evaluate (-18 - (5 - 15)) + 2 - -3.
-3
What is the value of (8 - -10 - 12) + -3?
3
What is 87 - 56 - (17 + 5 + -2)?
11
What is the value of ((-10 - -6) + 4 - (-1 - -35)) + 8?
-26
What is -4 + (9 + -18 - -9)?
-4
What is 5 + -22 + -4 - (1 + -15 - -17)?
-24
Calculate (-2 - 2) + 24 + -30 + 2.
-8
2 - 4 - (26 - 53)
25
Evaluate -3 - ((3 - -2) + -28 + 2).
18
What is 93 + -100 - (-1 - (3 + -11 + 4))?
-10
What is -37 + 68 - (5 + -10 + 12 + 5)?
19
What is the value of 7 - (4 + (-16 - -9)) - -1?
11
Evaluate -4 - ((10 - 1) + -28 + 33 + -12).
-6
-49 + (39 + -28 - -22)
-16
What is the value of -6 - (0 + -7 - (-23 + 20))?
-2
Calculate -5 + 4 + 18 + -18.
-1
(0 - -12) + 121 + -132
1
Calculate -15 + (9 - 1 - 0).
-7
Evaluate 8 + 13 + (-18 - 12).
-9
What is 80 - 83 - (1 + 0)?
-4
What is the value of 0 - (0 - (-41 + 20))?
-21
What is the value of 13 + 14 + -14 + 0?
13
Calculate -35 + 46 + -26 - (5 + 9).
-29
What is the value of -1 - (0 - -3 - ((-5 - -7) + 7))?
5
Calculate -2 - (-6 - -1) - (-15 - (0 + -18)).
0
Evaluate 124 + -126 - ((2 - -9) + -3 + -3).
-7
Calculate (-3 - -2) + 0 - 2 - (-3074 - -3097).
-26
Calculate 11 + (11 - (0 + 23)) + 2 + 2.
3
What is the value of 10 - (3 + -4) - (6 - -1) - -21?
25
-4 + 5 + 12 + -5
8
What is the value of 8 - ((44 - 17) + -9 + -17)?
7
What is 1 + -1 + (6 - 21 - -9) + 18?
12
Evaluate 4 - -4 - (-71 - -80).
-1
What is the value of 9 + (-16 - (-11 + 0))?
4
-72 + 84 + (-1 - (7 - 1))
5
18 + -19 + -1 + 5 + -2
1
Calculate 76 + (-34 + 23 - 28).
37
Calculate (-3 - ((-8 - -7) + -5 + 3)) + 8.
8
0 + -15 + 4 - (-4 - -8)
-15
What is the value of 11 - (6 + -10 + 4)?
11
What is the value of (-11 - 1) + 1 - (4 + -6 + -23)?
14
-6 + (-6 - -8 - (-17 + 4)) - -2
11
Calculate (-81 - -102) + (-14 - 13).
-6
What is 0 + -5 - ((-2 - 10) + 28)?
-21
Evaluate -8 + (-1 - -14) - (-7 - (1 - 2)).
11
Evaluate (3 + (-2 - 1) - (-4 + 0)) + -17.
-13
What is -51 + 45 + 20 + -3?
11
Evaluate -1 + (-13 - ((0 - 7) + 2)).
-9
What is (-3 - (1 + 0)) + (-193 - -193)?
-4
7 + -3 + -2 + 2 + -1 + -7
-4
Evaluate -59 + 85 + -1 + -20.
5
Evaluate -6 + 4 + -5 + 4 - 10.
-13
Calculate -10 - (-12 - 5 - 1) - -5.
13
(-10 - -4) + 85 + -94
-15
Calculate -14 + (20 - 9) + -5 + 3.
-5
Evaluate -7 - (-3 + -3 - (-21 + 28)).
6
What is the value of 8 - (1 - (0 - (0 - 3))) - 6?
4
(76 - 67) + (-2 - -6) + -1
12
What is 1 + -11 - 1 - -10 - -3 - 6?
-4
What is (3 + 3 - 27) + -9?
-30
What is the value of (-1 - 1) + 3 + -4 + -4 + 2?
-5
Evaluate 3 + -16 - ((-15 - -14) + 8).
-20
What is the value of 32 + -46 + 46 - 22?
10
What is (0 - (-3 + (-5 - -12))) + (-3 - -34)?
27
Calculate (4 - 1) + -13 - 5.
-15
What is -15 + 25 + -9 + (-10 - 4)?
-13
What is the value of -7 + (13 + -7 - -8) + -12?
-5
What is -13 + 0 + -75 + 94?
6
What is -9 + -15 + 9 - -14?
-1
-219 - -227 - (1 - -35)
-28
(-45 - -6) + (-8 - (0 + -22))
-25
What is the value of (41 - 18 - 3) + -32?
-12
Evaluate 0 + (2 - -1) - (-17 - -17 - 1).
4
-3 + -5 + (0 - 0) + 7
-1
What is (-8 - -4) + 0 + (11 - 7) + -2?
-2
What is 12 - (8 + -8 + 44 + -11)?
-21
9 + -6 + 4 + -10 + 14
11
3 - (4 + 6 + -19 + 3 - -10)
-1
What is (23 - 13) + (-6 - -17)?
21
What is the value of 40 - (11 - 0 - -13)?
16
What is the value of 8 - 0 - (-2 + 14)?
-4
Calculate (-96 - -105) + -1 + (1 - (2 + 2)).
5
41 - (14 + 18 - 17)
26
What is the value of 8 + 1 + (-9 - (12 + -5))?
-7
What is (-17 - -17) + 11 + 3?
14
Evaluate -32 + (-10 + 26 + -16 - (1 - 10)).
-23
What is the value of (1 - (-1 + 5 - (25 - 13))) + -47?
-38
(-1 + 8 - 5) + -6 + 7
3
Evaluate -19 - -3 - (-60 - (-18 + 0)).
26
Evaluate 15 - ((-17 - -14) + 8).
10
Evaluate (7 + -9 - 3 - (0 - 1)) + 5.
1
(-1 - 4) + (20 - 17) + (9 - 8)
-1
Evaluate -33 + (-1 - ((2 - 15) + -2)).
-19
What is the value of -1 - -2 - -23 - ((9 - -15) + -22)?
22
What is the value of -4 + -4 - ((-10 - -12) + -3)?
-7
28 + -20 + (3 - (0 - -1 - -4))
6
What is the value of -19 - (-1 + -10 + 3)?
-11
What is 0 + -18 - (626 + -645)?
1
What is -22 + (4 - -9) - (0 - 5)?
-4
12 - (7 - 6) - (-11 + 11)
11
What is the value of 5 + 22 + 27 + -38?
16
What is the value of 11 + (-12 - (-10 + 6))?
3
What is the value of 21 - (41 + -20) - -4?
4
What is -10 + 11 + 0 - 14?
-13
-10 - (3 - 10 - (-14 + 9))
-8
Calculate -9 + 1 + (0 - (34 + -9 + -2)).
-31
Calculate 68 + -80 + 0 + 17.
5
What is 24 + -4 + (-21 - -9) + (0 - 25)?
-17
Evaluate (10 - (-2 + 11) - -1) + -8 + 28.
22
What is -9 - (-4 + 5 + -1)?
-9
What is -2 - (-13 - -7) - (-1 - -9)?
-4
Evaluate 38 + -23 + 8 + 5 + -13.
15
Evaluate -35 - (-37 + 28 - 2)